{"id":1051,"date":"2025-05-28T16:22:33","date_gmt":"2025-05-28T16:22:33","guid":{"rendered":"https:\/\/www.pronego.mx\/home\/?post_type=product&#038;p=1051"},"modified":"2025-10-06T15:53:35","modified_gmt":"2025-10-06T15:53:35","slug":"enfriador-cervecero-de-una-puerta-imbera-modelo-ccv-320","status":"publish","type":"product","link":"https:\/\/www.pronego.mx\/home\/producto\/enfriador-cervecero-de-una-puerta-imbera-modelo-ccv-320\/","title":{"rendered":"ENFRIADOR CERVECERO DE UNA PUERTA IMBERA, MODELO CCV 320"},"content":{"rendered":"<ul>\n<li>Asegura la temperatura adecuada para bebidas fr\u00edas listas para servir.<\/li>\n<li>Reduce el consumo el\u00e9ctrico y mantenimiento con su tecnolog\u00eda de control y motores eficientes.<\/li>\n<li>Conserva mejor el fr\u00edo con puertas de doble vidrio que minimizan la transferencia de calor.<\/li>\n<li>Resiste el uso diario y es f\u00e1cil de limpiar gracias a materiales durables y aislante ecol\u00f3gico.<\/li>\n<\/ul>\n","protected":false},"excerpt":{"rendered":"<p>Perfecto para negocios nuevos, este enfriador mantiene las bebidas en su punto ideal, ahorra energ\u00eda y luce excelente gracias a su iluminaci\u00f3n LED y dise\u00f1o compacto.<\/p>\n","protected":false},"featured_media":1031,"comment_status":"open","ping_status":"closed","template":"","meta":{"_acf_changed":false,"_et_pb_use_builder":"","_et_pb_old_content":"","_et_gb_content_width":""},"product_brand":[33],"product_cat":[69,21],"product_tag":[],"class_list":{"0":"post-1051","1":"product","2":"type-product","3":"status-publish","4":"has-post-thumbnail","6":"product_brand-imbera","7":"product_cat-enfriadores-cerveceros","8":"product_cat-refrigeracion","10":"first","11":"instock","12":"shipping-taxable","13":"purchasable","14":"product-type-simple"},"acf":[],"_links":{"self":[{"href":"https:\/\/www.pronego.mx\/home\/wp-json\/wp\/v2\/product\/1051","targetHints":{"allow":["GET"]}}],"collection":[{"href":"https:\/\/www.pronego.mx\/home\/wp-json\/wp\/v2\/product"}],"about":[{"href":"https:\/\/www.pronego.mx\/home\/wp-json\/wp\/v2\/types\/product"}],"replies":[{"embeddable":true,"href":"https:\/\/www.pronego.mx\/home\/wp-json\/wp\/v2\/comments?post=1051"}],"wp:featuredmedia":[{"embeddable":true,"href":"https:\/\/www.pronego.mx\/home\/wp-json\/wp\/v2\/media\/1031"}],"wp:attachment":[{"href":"https:\/\/www.pronego.mx\/home\/wp-json\/wp\/v2\/media?parent=1051"}],"wp:term":[{"taxonomy":"product_brand","embeddable":true,"href":"https:\/\/www.pronego.mx\/home\/wp-json\/wp\/v2\/product_brand?post=1051"},{"taxonomy":"product_cat","embeddable":true,"href":"https:\/\/www.pronego.mx\/home\/wp-json\/wp\/v2\/product_cat?post=1051"},{"taxonomy":"product_tag","embeddable":true,"href":"https:\/\/www.pronego.mx\/home\/wp-json\/wp\/v2\/product_tag?post=1051"}],"curies":[{"name":"wp","href":"https:\/\/api.w.org\/{rel}","templated":true}]}}