{"id":1056,"date":"2025-05-28T16:22:33","date_gmt":"2025-05-28T16:22:33","guid":{"rendered":"https:\/\/www.pronego.mx\/home\/?post_type=product&#038;p=1056"},"modified":"2025-10-06T15:53:35","modified_gmt":"2025-10-06T15:53:35","slug":"congelador-vertical-de-producto-congelado-imbera-modelo-vf-04","status":"publish","type":"product","link":"https:\/\/www.pronego.mx\/home\/producto\/congelador-vertical-de-producto-congelado-imbera-modelo-vf-04\/","title":{"rendered":"CONGELADOR VERTICAL DE PRODUCTO CONGELADO IMBERA, MODELO VF-04"},"content":{"rendered":"<ul>\n<li>Ahorra espacio sin sacrificar capacidad, ideal para tiendas con alto flujo de clientes.<\/li>\n<li>Mejora la conservaci\u00f3n de bebidas fr\u00edas listas para el consumidor.<\/li>\n<li>Reduce costos operativos gracias a su sistema de bajo mantenimiento y eficiencia energ\u00e9tica.<\/li>\n<li>Aumenta la visibilidad del producto con su sistema de iluminaci\u00f3n LED que atrae la atenci\u00f3n.<\/li>\n<\/ul>\n","protected":false},"excerpt":{"rendered":"<p>Ideal para puntos de venta con poco espacio, este enfriador mantiene las bebidas fr\u00edas, ahorra energ\u00eda y permite una excelente exhibici\u00f3n en zonas de alto movimiento.<\/p>\n","protected":false},"featured_media":1026,"comment_status":"open","ping_status":"closed","template":"","meta":{"_acf_changed":false,"_et_pb_use_builder":"","_et_pb_old_content":"","_et_gb_content_width":""},"product_brand":[33],"product_cat":[66,21],"product_tag":[],"class_list":{"0":"post-1056","1":"product","2":"type-product","3":"status-publish","4":"has-post-thumbnail","6":"product_brand-imbera","7":"product_cat-conservadores","8":"product_cat-refrigeracion","10":"first","11":"instock","12":"shipping-taxable","13":"purchasable","14":"product-type-simple"},"acf":[],"_links":{"self":[{"href":"https:\/\/www.pronego.mx\/home\/wp-json\/wp\/v2\/product\/1056","targetHints":{"allow":["GET"]}}],"collection":[{"href":"https:\/\/www.pronego.mx\/home\/wp-json\/wp\/v2\/product"}],"about":[{"href":"https:\/\/www.pronego.mx\/home\/wp-json\/wp\/v2\/types\/product"}],"replies":[{"embeddable":true,"href":"https:\/\/www.pronego.mx\/home\/wp-json\/wp\/v2\/comments?post=1056"}],"wp:featuredmedia":[{"embeddable":true,"href":"https:\/\/www.pronego.mx\/home\/wp-json\/wp\/v2\/media\/1026"}],"wp:attachment":[{"href":"https:\/\/www.pronego.mx\/home\/wp-json\/wp\/v2\/media?parent=1056"}],"wp:term":[{"taxonomy":"product_brand","embeddable":true,"href":"https:\/\/www.pronego.mx\/home\/wp-json\/wp\/v2\/product_brand?post=1056"},{"taxonomy":"product_cat","embeddable":true,"href":"https:\/\/www.pronego.mx\/home\/wp-json\/wp\/v2\/product_cat?post=1056"},{"taxonomy":"product_tag","embeddable":true,"href":"https:\/\/www.pronego.mx\/home\/wp-json\/wp\/v2\/product_tag?post=1056"}],"curies":[{"name":"wp","href":"https:\/\/api.w.org\/{rel}","templated":true}]}}