{"id":911,"date":"2025-05-22T17:48:43","date_gmt":"2025-05-22T17:48:43","guid":{"rendered":"https:\/\/www.pronego.mx\/home\/?post_type=product&#038;p=911"},"modified":"2026-03-06T16:33:05","modified_gmt":"2026-03-06T16:33:05","slug":"empacadora-al-vacio-rhino-modelo-evac-8","status":"publish","type":"product","link":"https:\/\/www.pronego.mx\/home\/producto\/empacadora-al-vacio-rhino-modelo-evac-8\/","title":{"rendered":"EMPACADORA AL VAC\u00cdO RHINO MODELO EVAC-8"},"content":{"rendered":"<ul>\n<li>Conserva los alimentos por m\u00e1s tiempo y reduce mermas en tu negocio.<\/li>\n<li>Mejora la higiene al evitar contaminaci\u00f3n cruzada y mezcla de olores.<\/li>\n<li>Aumenta la productividad con sus 5 ciclos preconfigurados de trabajo.<\/li>\n<li>Dise\u00f1o resistente y f\u00e1cil de limpiar gracias a su gabinete de acero inoxidable.<\/li>\n<\/ul>\n","protected":false},"excerpt":{"rendered":"<p>Haz tu negocio m\u00e1s eficiente y profesionaliza el almacenamiento con la empacadora al vac\u00edo. Conserva alimentos hasta 15 veces m\u00e1s tiempo, mejora la higiene y evita transferencias de olores. Ideal para mantener frescura y calidad en todo momento.<\/p>\n","protected":false},"featured_media":854,"comment_status":"open","ping_status":"closed","template":"","meta":{"_acf_changed":false,"_et_pb_use_builder":"","_et_pb_old_content":"","_et_gb_content_width":""},"product_brand":[38],"product_cat":[77,81],"product_tag":[],"class_list":{"0":"post-911","1":"product","2":"type-product","3":"status-publish","4":"has-post-thumbnail","6":"product_brand-rhino","7":"product_cat-empacadoras-al-vacio","8":"product_cat-empaque-y-conservacion","10":"first","11":"instock","12":"shipping-taxable","13":"purchasable","14":"product-type-simple"},"acf":[],"_links":{"self":[{"href":"https:\/\/www.pronego.mx\/home\/wp-json\/wp\/v2\/product\/911","targetHints":{"allow":["GET"]}}],"collection":[{"href":"https:\/\/www.pronego.mx\/home\/wp-json\/wp\/v2\/product"}],"about":[{"href":"https:\/\/www.pronego.mx\/home\/wp-json\/wp\/v2\/types\/product"}],"replies":[{"embeddable":true,"href":"https:\/\/www.pronego.mx\/home\/wp-json\/wp\/v2\/comments?post=911"}],"wp:featuredmedia":[{"embeddable":true,"href":"https:\/\/www.pronego.mx\/home\/wp-json\/wp\/v2\/media\/854"}],"wp:attachment":[{"href":"https:\/\/www.pronego.mx\/home\/wp-json\/wp\/v2\/media?parent=911"}],"wp:term":[{"taxonomy":"product_brand","embeddable":true,"href":"https:\/\/www.pronego.mx\/home\/wp-json\/wp\/v2\/product_brand?post=911"},{"taxonomy":"product_cat","embeddable":true,"href":"https:\/\/www.pronego.mx\/home\/wp-json\/wp\/v2\/product_cat?post=911"},{"taxonomy":"product_tag","embeddable":true,"href":"https:\/\/www.pronego.mx\/home\/wp-json\/wp\/v2\/product_tag?post=911"}],"curies":[{"name":"wp","href":"https:\/\/api.w.org\/{rel}","templated":true}]}}