{"id":915,"date":"2025-05-22T17:48:44","date_gmt":"2025-05-22T17:48:44","guid":{"rendered":"https:\/\/www.pronego.mx\/home\/?post_type=product&#038;p=915"},"modified":"2026-03-06T16:01:15","modified_gmt":"2026-03-06T16:01:15","slug":"bascula-electronica-multifuncional-20-kg-rhino-modelo-bar-6","status":"publish","type":"product","link":"https:\/\/www.pronego.mx\/home\/producto\/bascula-electronica-multifuncional-20-kg-rhino-modelo-bar-6\/","title":{"rendered":"B\u00c1SCULA ELECTR\u00d3NICA MULTIFUNCIONAL 20 KG RHINO MODELO BAR-6"},"content":{"rendered":"<ul>\n<li>Aumenta la velocidad de atenci\u00f3n con teclas de acceso directo para 10 productos frecuentes.<\/li>\n<li>Evita errores con la funci\u00f3n que calcula el cambio autom\u00e1ticamente.<\/li>\n<li>Mant\u00e9n tu operaci\u00f3n activa por m\u00e1s tiempo gracias a su bater\u00eda de hasta 200 horas.<\/li>\n<li>Mejora la higiene y evita derrames con su plato de acero inoxidable angulado.<\/li>\n<\/ul>\n","protected":false},"excerpt":{"rendered":"<p>Agiliza tus ventas con una b\u00e1scula precisa, pr\u00e1ctica y port\u00e1til. La BAR facilita el c\u00e1lculo de cambio, cuenta piezas y permite acceso r\u00e1pido a los productos m\u00e1s vendidos. Su bater\u00eda recargable de larga duraci\u00f3n y doble pantalla la hacen ideal para negocios din\u00e1micos.<\/p>\n","protected":false},"featured_media":876,"comment_status":"open","ping_status":"closed","template":"","meta":{"_acf_changed":false,"_et_pb_use_builder":"","_et_pb_old_content":"","_et_gb_content_width":""},"product_brand":[38],"product_cat":[72,43],"product_tag":[],"class_list":{"0":"post-915","1":"product","2":"type-product","3":"status-publish","4":"has-post-thumbnail","6":"product_brand-rhino","7":"product_cat-basculas-comerciales","8":"product_cat-pesaje","10":"first","11":"instock","12":"shipping-taxable","13":"purchasable","14":"product-type-simple"},"acf":[],"_links":{"self":[{"href":"https:\/\/www.pronego.mx\/home\/wp-json\/wp\/v2\/product\/915","targetHints":{"allow":["GET"]}}],"collection":[{"href":"https:\/\/www.pronego.mx\/home\/wp-json\/wp\/v2\/product"}],"about":[{"href":"https:\/\/www.pronego.mx\/home\/wp-json\/wp\/v2\/types\/product"}],"replies":[{"embeddable":true,"href":"https:\/\/www.pronego.mx\/home\/wp-json\/wp\/v2\/comments?post=915"}],"wp:featuredmedia":[{"embeddable":true,"href":"https:\/\/www.pronego.mx\/home\/wp-json\/wp\/v2\/media\/876"}],"wp:attachment":[{"href":"https:\/\/www.pronego.mx\/home\/wp-json\/wp\/v2\/media?parent=915"}],"wp:term":[{"taxonomy":"product_brand","embeddable":true,"href":"https:\/\/www.pronego.mx\/home\/wp-json\/wp\/v2\/product_brand?post=915"},{"taxonomy":"product_cat","embeddable":true,"href":"https:\/\/www.pronego.mx\/home\/wp-json\/wp\/v2\/product_cat?post=915"},{"taxonomy":"product_tag","embeddable":true,"href":"https:\/\/www.pronego.mx\/home\/wp-json\/wp\/v2\/product_tag?post=915"}],"curies":[{"name":"wp","href":"https:\/\/api.w.org\/{rel}","templated":true}]}}