{"id":919,"date":"2025-05-22T17:48:44","date_gmt":"2025-05-22T17:48:44","guid":{"rendered":"https:\/\/www.pronego.mx\/home\/?post_type=product&#038;p=919"},"modified":"2025-10-20T18:38:38","modified_gmt":"2025-10-20T18:38:38","slug":"bascula-electronica-multifunciones-40-kg-rhino-modelo-bar-9","status":"publish","type":"product","link":"https:\/\/www.pronego.mx\/home\/producto\/bascula-electronica-multifunciones-40-kg-rhino-modelo-bar-9\/","title":{"rendered":"B\u00c1SCULA ELECTR\u00d3NICA MULTIFUNCIONES 40 KG RHINO MODELO BAR-9"},"content":{"rendered":"<ul>\n<li>Simplifica tus cobros al calcular el cambio y acumular productos f\u00e1cilmente.<\/li>\n<li>Perfecta para tianguis, tiendas de abarrotes y negocios m\u00f3viles.<\/li>\n<li>Pantallas iluminadas y bater\u00eda de hasta 300 horas para mayor autonom\u00eda.<\/li>\n<li>F\u00e1cil de mantener gracias a su cubierta protectora desmontable.<\/li>\n<\/ul>\n","protected":false},"excerpt":{"rendered":"<p>Facilita el cobro y control de ventas con esta b\u00e1scula port\u00e1til, ideal para productos por peso, que incluye pantalla iluminada, bater\u00eda de larga duraci\u00f3n y funciones tipo caja registradora.<\/p>\n","protected":false},"featured_media":880,"comment_status":"open","ping_status":"closed","template":"","meta":{"_acf_changed":false,"_et_pb_use_builder":"","_et_pb_old_content":"","_et_gb_content_width":""},"product_brand":[38],"product_cat":[72,43],"product_tag":[],"class_list":{"0":"post-919","1":"product","2":"type-product","3":"status-publish","4":"has-post-thumbnail","6":"product_brand-rhino","7":"product_cat-basculas-comerciales","8":"product_cat-pesaje","10":"first","11":"instock","12":"shipping-taxable","13":"purchasable","14":"product-type-simple"},"acf":[],"_links":{"self":[{"href":"https:\/\/www.pronego.mx\/home\/wp-json\/wp\/v2\/product\/919","targetHints":{"allow":["GET"]}}],"collection":[{"href":"https:\/\/www.pronego.mx\/home\/wp-json\/wp\/v2\/product"}],"about":[{"href":"https:\/\/www.pronego.mx\/home\/wp-json\/wp\/v2\/types\/product"}],"replies":[{"embeddable":true,"href":"https:\/\/www.pronego.mx\/home\/wp-json\/wp\/v2\/comments?post=919"}],"wp:featuredmedia":[{"embeddable":true,"href":"https:\/\/www.pronego.mx\/home\/wp-json\/wp\/v2\/media\/880"}],"wp:attachment":[{"href":"https:\/\/www.pronego.mx\/home\/wp-json\/wp\/v2\/media?parent=919"}],"wp:term":[{"taxonomy":"product_brand","embeddable":true,"href":"https:\/\/www.pronego.mx\/home\/wp-json\/wp\/v2\/product_brand?post=919"},{"taxonomy":"product_cat","embeddable":true,"href":"https:\/\/www.pronego.mx\/home\/wp-json\/wp\/v2\/product_cat?post=919"},{"taxonomy":"product_tag","embeddable":true,"href":"https:\/\/www.pronego.mx\/home\/wp-json\/wp\/v2\/product_tag?post=919"}],"curies":[{"name":"wp","href":"https:\/\/api.w.org\/{rel}","templated":true}]}}