{"id":932,"date":"2025-05-22T17:48:49","date_gmt":"2025-05-22T17:48:49","guid":{"rendered":"https:\/\/www.pronego.mx\/home\/?post_type=product&#038;p=932"},"modified":"2025-10-06T15:53:35","modified_gmt":"2025-10-06T15:53:35","slug":"balanza-electronica-de-bolsillo-100-g-rhino-modelo-babol-100g","status":"publish","type":"product","link":"https:\/\/www.pronego.mx\/home\/producto\/balanza-electronica-de-bolsillo-100-g-rhino-modelo-babol-100g\/","title":{"rendered":"BALANZA ELECTR\u00d3NICA DE BOLSILLO 100 G RHINO MODELO BABOL-100G"},"content":{"rendered":"<ul>\n<li>Ahorra tiempo al pesar y contar piezas peque\u00f1as en un solo paso.<\/li>\n<li>Pesa en gramos, onzas, libras y onzas troy sin hacer conversiones.<\/li>\n<li>Ll\u00e9vala f\u00e1cilmente gracias a su dise\u00f1o compacto y port\u00e1til.<\/li>\n<li>Obt\u00e9n el peso real del producto con la funci\u00f3n para restar el envase.<\/li>\n<\/ul>\n","protected":false},"excerpt":{"rendered":"<p>Lleva contigo una herramienta precisa y confiable para pesar art\u00edculos peque\u00f1os en distintos tipos de unidades. Ideal para negocios que requieren mediciones exactas en espacios reducidos<\/p>\n","protected":false},"featured_media":889,"comment_status":"open","ping_status":"closed","template":"","meta":{"_acf_changed":false,"_et_pb_use_builder":"","_et_pb_old_content":"","_et_gb_content_width":""},"product_brand":[38],"product_cat":[43],"product_tag":[],"class_list":{"0":"post-932","1":"product","2":"type-product","3":"status-publish","4":"has-post-thumbnail","6":"product_brand-rhino","7":"product_cat-pesaje","9":"first","10":"instock","11":"shipping-taxable","12":"purchasable","13":"product-type-simple"},"acf":[],"_links":{"self":[{"href":"https:\/\/www.pronego.mx\/home\/wp-json\/wp\/v2\/product\/932","targetHints":{"allow":["GET"]}}],"collection":[{"href":"https:\/\/www.pronego.mx\/home\/wp-json\/wp\/v2\/product"}],"about":[{"href":"https:\/\/www.pronego.mx\/home\/wp-json\/wp\/v2\/types\/product"}],"replies":[{"embeddable":true,"href":"https:\/\/www.pronego.mx\/home\/wp-json\/wp\/v2\/comments?post=932"}],"wp:featuredmedia":[{"embeddable":true,"href":"https:\/\/www.pronego.mx\/home\/wp-json\/wp\/v2\/media\/889"}],"wp:attachment":[{"href":"https:\/\/www.pronego.mx\/home\/wp-json\/wp\/v2\/media?parent=932"}],"wp:term":[{"taxonomy":"product_brand","embeddable":true,"href":"https:\/\/www.pronego.mx\/home\/wp-json\/wp\/v2\/product_brand?post=932"},{"taxonomy":"product_cat","embeddable":true,"href":"https:\/\/www.pronego.mx\/home\/wp-json\/wp\/v2\/product_cat?post=932"},{"taxonomy":"product_tag","embeddable":true,"href":"https:\/\/www.pronego.mx\/home\/wp-json\/wp\/v2\/product_tag?post=932"}],"curies":[{"name":"wp","href":"https:\/\/api.w.org\/{rel}","templated":true}]}}